late 1 + (1 - -3) + 1 + -3.
3
What is the value of -6 + -5 + 7 + -1?
-5
What is -6 + 3 + -3 + 8?
2
Evaluate 2 - -9 - -4 - (-29 - -37).
7
-6 - (0 + -5 - (2 + -1))
0
What is -4 - (6 - 4) - 1?
-7
Calculate 1 + (-4 - -2) + 7.
6
Calculate 2 - 12 - (6 + -5 + -6).
-5
Evaluate -6 + (1 + -5 - -8).
-2
10 - 2 - (90 + -90)
8
What is the value of 9 - (10 + -2 + (1 - 5))?
5
Evaluate -4 - -6 - (-2 + 5).
-1
Calculate -2 - (-4 + 4 - -2).
-4
Evaluate -2 + 5 + 3 + -1 + -3.
2
Evaluate (-7 - -8) + -1 + -1 + 3.
2
What is the value of 19 + -26 + (3 - 0) + 8?
4
Evaluate (-1 - -4 - 0) + -3.
0
Evaluate 0 + 4 + -7 - -4 - 3.
-2
Evaluate 2 + 3 + -3 - (1 - 1).
2
What is -5 - (-3 - -1) - (0 + 0)?
-3
What is the value of -6 - (3 - 5 - 1)?
-3
Evaluate 2 + 3 + (-3 - 0).
2
Evaluate 12 + -6 - 2 - -2.
6
What is 0 + 0 - 0 - 2?
-2
Evaluate 5 + -16 - (-24 + 20).
-7
What is the value of (-6 - -5 - -5) + (2 - 2)?
4
Evaluate -5 + 4 + -7 + (1 - -2).
-5
-4 + (5 - -2) + 1
4
Evaluate 3 + (0 - (-1 + 4)) + 4.
4
(6 - (-6 - -8)) + -1 + -1
2
What is the value of 2 + (0 - -2 - 8) - 2?
-6
Calculate (-6 - -2) + -3 + 13.
6
-82 + 73 + (8 - 1)
-2
Evaluate -2 + 4 + -8 - -12 - 0.
6
What is -2 + -1 + 1 - -2?
0
Evaluate -5 - (1 + 0) - -4.
-2
What is 3 + -10 - (-1 + 0) - -4?
-2
(-25 - -31) + (-1 - (5 - 1))
1
Evaluate (-31 - -29) + 1 + -4.
-5
What is the value of 2 + (-6 - (-1 - 1 - -1))?
-3
What is -3 + -1 + (0 - -1) - 0?
-3
What is the value of (4 + -6 - -2) + 5 + -8?
-3
What is the value of 4 - (1 - -1 - 0) - -2?
4
What is the value of (-2 - -7) + (-21 - -18)?
2
Calculate -3 + 6 + -4 + 2 + 1.
2
Calculate -12 - (5 - 9) - -11.
3
What is 136 + -134 + (-7 - 1)?
-6
13 - (-7 + (13 - -7))
0
2 - ((-1 - (9 + -4)) + 3)
5
Calculate (-14 - -6) + (5 - 1).
-4
-7 + 4 + -4 + 4
-3
Evaluate -2 + 9 - 1 - 3.
3
What is the value of 0 + (4 - -1) - 5?
0
What is 8 + 0 - (0 - (-2 + -1))?
5
Evaluate -7 + -4 - 1 - (-4 + -1).
-7
10 - 6 - 0 - 0
4
What is 5 + 0 + 6 + -6 + 0?
5
Calculate -8 + (7 - 11 - -12).
0
What is the value of -4 + (7 - 6) - -5?
2
What is the value of 1 + (6 - 10) - -5 - 5?
-3
Calculate 0 + (1 - 0) - (372 + -366).
-5
0 - -1 - -3 - (-9 + 5)
8
Evaluate -2 + -12 + (-80 - -86).
-8
Calculate (5 - (5 + 0) - -5) + -9.
-4
8 - (3 - -1 - (-9 + 10))
5
Calculate -1 + (3 - -1) + 0.
3
Calculate -1 - -3 - (22 + -15).
-5
-2 - 3 - (2 + -4)
-3
What is the value of (0 - 10) + 9 + -3 + 1?
-3
-1 - (0 + (4 - 4))
-1
What is -5 - (2 + -7) - 4?
-4
What is the value of (15 - (-6 - -12)) + -11?
-2
-2 + -2 - (3 - (0 - -13))
6
Calculate 6 + -6 - -9 - 3.
6
Calculate -2 + -16 + 8 + 2 + 12.
4
0 - (-7 + (-1 - -9 - 6))
5
-1 - 0 - (-20 - -24)
-5
What is 3 + (-11 - -3) - (-2 - 0)?
-3
Evaluate (7 - 14 - -3) + -1.
-5
Calculate (-13 + 11 - -12) + -7.
3
What is the value of 2 + -1 + -3 - (108 + -120)?
10
Evaluate 3 + -4 - -2 - 4.
-3
Evaluate 3 - (8 - (-2 + 3)).
-4
(-4 - 1) + 2 + -1 - -1
-3
Calculate (40 - 35) + (-2 - 2).
1
What is the value of -4 + (1 - (0 + 2 + -5))?
0
Calculate 8 + (7 - 20 - -1).
-4
What is the value of -12 - (3 - (9 + -2))?
-8
Evaluate (-3 - (2 - 2)) + -11 + 7.
-7
5 + -6 + 3 + 0
2
What is -157 - -148 - (1 - -1)?
-11
Evaluate (-11 - -5) + 4 - (-3 - 0).
1
What is the value of 7 + (-9 - (7 - (2 - -3)))?
-4
What is -10 - (-5 - (6 + -7))?
-6
Calculate 2 + -3 + -4 + 12.
7
(2 - -2) + -2 + 1
3
2 - ((5 - 5) + (-4 - 1))
7
What is -3 + 3 - 5 - -9?
4
What is -3 - (3 - (14 - 4))?
4
Calculate -5 + (-2 - -4 - -9).
6
What is 17 - (8 + -1 + 2)?
8
Evaluate (2 - (-2 - (-8 - -2))) + 6.
4
What is 4 - (5 - ((-8 - -5) + 3))?
-1
Calculate -1 + (-3 - -1 - (-16 + 14)).
-1
Calculate -6 - (-11 - (-7 + 1)).
-1
-2 - ((-1 - 9 - -3) + 3)
2
-9 - (6 + -9) - -11
5
Calculate -3 - (-5 - (-8 - -4)) - 4.
-6
Evaluate (-2 - (-2 + -1)) + (-3 - 3).
-5
Calculate -13 - (-6 - -9) - (-1 + -5).
-10
Evaluate 3 - ((-5 - -4) + 8).
-4
What is -10 + -9 + 4 + 10?
-5
(2 - 3) + -18 + 18
-1
What is 1 - 0 - (53 - 48)?
-4
What is the value of -5 + (14 - 5) + -1?
3
Evaluate 0 - -4 - (5 + 7).
-8
What is -2 - (5 - (15 - 5))?
3
Calculate 3 + -7 + 7 + -3.
0
2 + 4 + -4 + 0 + 0
2
(0 - 0) + -2 - (-82 + 83)
-3
8 - (0 + -1 - -4)
5
Evaluate (3 - 5 - (15 + -20)) + -4.
-1
What is -1 + (4 - (-4 + 3))?
4
Calculate (-1 - -2) + (9 - 13).
-3
Calculate -2 + (-4 - -3) + -2.
-5
Calculate (-8 - -4 - (-3 + -1)) + 3.
3
-1 - -1 - -3 - (-2 + 4)
1
Evaluate (48 - 50 - (1 + -4)) + 7.
8
Evaluate 3 + -6 + 5 + 3.
5
5 + (-4 - 4) - -3
0
Evaluate -1 + (0 - 7 - -5 - -2).
-1
What is the value of (19 - 9) + -8 - (11 - 2)?
-7
Calculate -6 - (2 + 0 + -3).
-5
4 + 6 + (1 - 10)
1
What is the value of 13 - (1 + 2 - -4)?
6
Calculate (5 - 5) + 3 + 2 - 9.
-4
What is the value of -3 - (-2 + -2 + 4 + 4)?
-7
Calculate (4 - (12 + 2)) + 4.
-6
Calculate -7 - (0 + (-18 - -8)).
3
Evaluate 8 - 6 - (3 + -1).
0
What is the value of -3 + 5 - 5 - (1 - -1)?
-5
Calculate 2 + 2 - (16 + -5 + -6).
-1
What is -12 + (8 - 12 - -16)?
0
-5 - 0 - (-19 - -10)
4
Calculate -3 - (-2 + 4 + -5 - 2).
2
-3 + -5 + -2 + 8
-2
Evaluate (-6 - (2 + -6)) + (4 - -2).
4
What is the value of -7 - ((5 - 2) + -13)?
3
What is the value of -53 + 44 - (-1 - 8)?
0
Calculate 9 - 6 - -1 - 1.
3
What is the value of (-2 - -2 - -1 - 3) + 5?
3
What is 4 + 0 - (5 - 2)?
1
What is the value of 10 + 5 + (-16 - -9)?
8
(0 - (-5 + -5 + 8)) + -2
0
(0 - 3) + (-6 - (-7 - 2))
0
What is (0 - -5) + (-22 - -17) + 0?
0
10 - -1 - (17 + -12) - 8
-2
What is -4 + (0 - (-5 - -7)) + 1?
-5
2 + 0 + -1 + -6 + 5
0
What is the value of (-1 - (3 + 0)) + -1?
-5
Evaluate 5 - (9 - (11 + -5)).
2
What is the value of -2 + -11 + (2 - -5)?
-6
Evaluate 6 - (-2 - -4) - 8.
-4
-3 + -1 + (30 - 24)
2
What is -5 + 4 + 3 + -6?
-4
What is the value of (-7 + -1 - -4) + 5?
1
What is (-3 - -5 - 6) + 0 + 1?
-3
Evaluate (0 - 1) + (-3 - 3).
-7
What is the value of 11 - 8 - (7 - (-4 + 7))?
-1
What is 0 + (5 - (6 - (7 + -5)))?
1
Calculate 9 + (0 - (1 - 1) - 3).
6
(5 - (-3 - -10)) + 2 + -5
-5
Calculate (-5 + -2 - -8) + 1.
2
Calculate -3 + 5 + -2 + 0 + 1.
1
Evaluate 4 + 0 - 2 - -2.
4
-1 + (-4 + 3 - -1 - 0)
-1
Calculate -3 + 1 + (-3 + 4 - 2).
-3
What is 3 - (-2 + (-4 - (-9 - -6)))?
6
9 + -6 + -5 + 6
4
Evaluate 4 + -7 + -3 + 2.
-4
Evaluate (18 - 10) + 3 - 10.
1
Calculate 3 + (3 - 1 - 2 - -2).
5
What is the value of -3 + (33 + -33 - (-2 + -4))?
3
What is the value of 6 + -4 + -4 + 2?
0
Evaluate -3 - -2 - (2 + (-2 - -1)).
-2
Calculate (13 + 0 + 3 - 5) + -6.
5
11 + -2 + (-23 - -18) - -2
6
Calculate 7 + 0 - (-3 - (4 - 10)).
4
Calculate 10 - ((2 - 5) + 12).
1
What is (0 - 0) + 2 - (8 - 4)?
-2
Evaluate -1 + -10 + 5 + 11.
5
(8 - 10) + (2 - 0)
0
Evaluate -50 + 44 + -1 + 12 + 4.
9
What is the value of (-1 + 2 - 4) + 2 - -6?
5
What is the value of 0 + -12 - (16 + -3 - 19)?
-6
Evaluate -2 + 3 + 10 + -8.
3
Evaluate (1 - -1) + -4 + (-7 - -14).
5
0 - (-5 - -3) - 3
-1
Calculate -5 - 1 - (-2 + -2) - 2.
-4
Calculate 3 - (-8 + 21 + -6).
-4
Calculate -3 + 1 - (-14 - -14).
-2
What is the value of 11 - 18 - (-10 - (3 + -1))?
5
What is (-3 - 0) + (-1 - 0)?
-4
-243 + 245 + (-1 - (0 - 0))
1
Evaluate (-16 - -19) + (-3 - 2).
-2
Evaluate 1 + -2 + 4 + (2 - 8).
-3
Calculate -2 + (1 - (-4 + 7)) + -1.
-5
3 + (-5 - (-4 + (-4 - -4)))
2
-2 + 6 + -1 - (-55 - -58)
0
Calculate 22 + (-2 - 4 - 6).
10
Calculate 2 - (3 + -1 + -5 + 7).
-2
What is the value of -2 + (6 - (0 + 4) - -1)?
1
What is -4 + 0 + (3 - 0)?
-1
(15 - 10) + 3 + -3
5
What is the value of (7 - 15) + 0 - -14?
6
-3 + -1 + 2 + 0 + -1
-3
What is the value of -5 + -2 + 8 - 6?
-5
(8 + 0 - 0) + -63 + 60
5
-5 + -4 + 6 - (-1 - 4)
2
What is -3 + 0 - -3 - 1?
-1
Evaluate -2 + (-1 - 0) + 0 - -8.
5
What is the value of 0 - (-3 + 8 - 2)?
-3
Evaluate (-15 - -16) + 5 + 0 + -2.
4
What is the value of (-8 - -4 - (-1 + 0)) + 6?
3
What is 4 + 2 - (-7 + 14)?
-1
What is the value of (-4 - 1) + 3 - -7?
5
What is the value of (19 - 7) + -10 + -12?
-10
Evaluate -1 - (-5 - (1 + -4)).
1
What is the value of -6 + -18 + 17 - (-2 - 0)?
-5
Evaluate 5 - -1 - (19 - (6 + 2)).
-5
What is the value of (-21 - -7) + 7 + 8?
1
What is 9 - (6 - (-5 + 5 + 5))?
8
Evaluate -2 + 3 - 4 - (4 - 14).
7
Evaluate 7 - (1 + -2 + 4).
4
Calculate 1 + 4 - (9 - 7).
3
What is the value of 2 - (0 - (1 + -1 + -1))?
1
What is 8 + (2 - 3) - 7?
0
What is 1 - (6 - 0 - 2)?
-3
What is the value of (-2 - (-1 - -5)) + 1?
-5
Evaluate 4 - (-30 + 31 - (2 + 2)).
7
-7 - (-3 + (3 - 0) -